377 composite?
False
Is 1784527 a prime number?
True
Is 1407533 a composite number?
False
Is 4260169 prime?
False
Is 6906439 composite?
True
Is 1862254 a composite number?
True
Is 140317201 a composite number?
True
Is 51633287 prime?
True
Is 2575591 a prime number?
False
Is 41652662 a prime number?
False
Is 4396649 a prime number?
False
Is 24716977 a prime number?
False
Is 4859713 a prime number?
True
Is 3371351 a composite number?
False
Is 4891031 a composite number?
True
Is 12799949 a composite number?
True
Is 244386995 a prime number?
False
Is 41174953 a prime number?
True
Is 60411731 composite?
True
Is 8187139 composite?
False
Is 7887743 prime?
True
Is 100591705 composite?
True
Is 360804733 composite?
False
Is 389227541 a prime number?
True
Is 156378893 a prime number?
False
Is 621963271 composite?
True
Is 4500029 a composite number?
False
Is 13093651 prime?
True
Is 783241 a composite number?
True
Is 217489 composite?
False
Is 85554839 prime?
True
Is 62384117 composite?
False
Is 12849091 a prime number?
False
Is 80686009 a prime number?
False
Is 397901 a prime number?
False
Is 40195169 a composite number?
True
Is 255526559 composite?
False
Is 872581 a composite number?
True
Is 861977 composite?
False
Is 27218549 a composite number?
True
Is 13925243 composite?
False
Is 31826981 a composite number?
False
Is 29893774 composite?
True
Is 19504861 a composite number?
False
Is 81734459 a prime number?
True
Is 1035733 a composite number?
False
Is 264559397 prime?
True
Is 13611971 a composite number?
False
Is 53207593 prime?
False
Is 4075999 composite?
True
Is 1724545 composite?
True
Is 109914877 a composite number?
True
Is 35063473 a prime number?
False
Is 19007437 a prime number?
True
Is 26898635 a prime number?
False
Is 1487183 a composite number?
True
Is 89146787 a composite number?
False
Is 419709317 a prime number?
True
Is 114639611 a prime number?
True
Is 4908977 a composite number?
True
Is 192497 a composite number?
False
Is 17893519 composite?
True
Is 2047091 composite?
False
Is 4623239 a prime number?
True
Is 860138443 a composite number?
True
Is 137509217 a prime number?
False
Is 9121591 a prime number?
False
Is 3510107 prime?
True
Is 17211079 prime?
True
Is 165202573 prime?
True
Is 16339087 a prime number?
True
Is 16511407 a composite number?
True
Is 27143 prime?
True
Is 4687037 composite?
False
Is 39705095 a composite number?
True
Is 2829647 a prime number?
False
Is 49064921 prime?
True
Is 57370099 prime?
True
Is 3282182 prime?
False
Is 352070989 a composite number?
False
Is 192354367 prime?
False
Is 53182687 prime?
False
Is 4820531 a prime number?
False
Is 1087663 a composite number?
False
Is 40605995 a composite number?
True
Is 3180407 composite?
False
Is 1963069 a composite number?
True
Is 165672653 composite?
True
Is 887987 a composite number?
False
Is 27966857 a prime number?
False
Is 27430589 prime?
True
Is 7130983 a prime number?
False
Is 2301581 a prime number?
True
Is 76583321 composite?
False
Is 2309005 a composite number?
True
Is 151589171 composite?
False
Is 14542607 prime?
True
Is 49513741 prime?
False
Is 170551741 composite?
False
Is 122491 a composite number?
True
Is 4130251 prime?
True
Is 1112747 prime?
True
Is 1373873 a prime number?
True
Is 1282559 composite?
True
Is 30544763 a composite number?
True
Is 4284593 a composite number?
False
Is 109266151 composite?
False
Is 17297341 prime?
True
Is 3666947 prime?
True
Is 2686259 composite?
False
Is 54585077 prime?
True
Is 2883882251 prime?
True
Is 220942717 composite?
True
Is 4852037 a composite number?
True
Is 149338151 a composite number?
False
Is 4864577 a composite number?
True
Is 129641 composite?
False
Is 37902493 prime?
True
Is 44127701 a prime number?
True
Is 912339499 composite?
False
Is 16026599 a prime number?
True
Is 17299637 composite?
False
Is 548519 a prime number?
True
Is 103473383 a prime number?
False
Is 15013 a prime number?
True
Is 25479967 prime?
True
Is 12223661 prime?
False
Is 36089643 a prime number?
False
Is 22862233 prime?
True
Is 6596671 a prime number?
False
Is 11402743 composite?
True
Is 39444481 prime?
True
Is 30244507 composite?
False
Is 15931247 a prime number?
False
Is 52026815 composite?
True
Is 29039393 composite?
False
Is 557423 prime?
True
Is 235564081 prime?
True
Is 18126137 prime?
False
Is 54879537 a prime number?
False
Is 829601 prime?
True
Is 669371059 a prime number?
False
Is 1037009 prime?
False
Is 78380759 composite?
False
Is 59899193 a composite number?
False
Is 6966949 composite?
True
Is 19636301 a composite number?
False
Is 739406 composite?
True
Is 81727171 prime?
True
Is 56729605 a prime number?
False
Is 5502349 a composite number?
False
Is 6277703 a prime number?
True
Is 4469719 composite?
False
Is 11110531 a composite number?
False
Is 240137 a prime number?
False
Is 49266131 a composite number?
False
Is 3369079 a composite number?
True
Is 11906641 a composite number?
True
Is 52061563 a prime number?
True
Is 67091 prime?
False
Is 18580153 a prime number?
True
Is 32980539 prime?
False
Is 7638929 composite?
False
Is 116639021 a composite number?
False
Is 3191619 a prime number?
False
Is 18901579 composite?
True
Is 402691 a prime number?
True
Is 207554273 a prime number?
True
Is 2818511 a composite number?
True
Is 1949309 a composite number?
False
Is 83063377 composite?
True
Is 7331431 composite?
False
Is 205246333 a prime number?
True
Is 4016719 a prime number?
False
Is 210390319 a prime number?
True
Is 1808539 a composite number?
False
Is 2447477 a composite number?
True
Is 3536915 composite?
True
Is 2166083 a prime number?
False
Is 6874573 prime?
True
Is 24273071 a composite number?
True
Is 47998037 composite?
False
Is 2086277 a prime number?
True
Is 9856801 a prime number?
False
Is 231232517 prime?
False
Is 76944653 prime?
False
Is 80176631 composite?
True
Is 6961291 prime?
False
Is 1297261 a composite number?
True
Is 17304158 composite?
True
Is 2784473 a composite number?
False
Is 121403 a prime number?
True
Is 19303217 composite?
False
Is 7735423 prime?
False
Is 282334537 prime?
True
Is 4115863 prime?
True
Is 1630597 composite?
False
Is 178241093 a prime number?
True
Is 304151 composite?
False
Is 5058461 a composite number?
False
Is 6606101 a composite number?
False
Is 85612759 a composite number?
False
Is 6796543 prime?
False
Is 10883335 composite?
True
Is 33067547 a prime number?
True
Is 239916265 prime?
False
Is 530969 a composite number?
False
Is 147791093 prime?
False
Is 31127615 a composite number?
True
Is 4140361 composite?
False
Is 1135597 a composite number?
False
Is 14577011 prime?
True
Is 2063993 composite?
False
Is 36862237 composite?
False
Is 472819 a composite number?
True
Is 13950787 composite?
False
Is 6499441 a composite number?
True
Is 8999249 prime?
False
Is 21181157 composite?
False
Is 7732043 a composite number?
True
Is 78072977 a composite number?
False
Is 3965611 composite?
True
Is 9725822 a composite number?
True
Is 8473403 a composite number?
True
Is 3909019 composite?
False
Is 14824715 a prime number?
False
Is 966711 a composite number?
True
Is 544367 prime?
True
Is 23522581 composite?
False
Is 26054653 composite?
True
Is 29117819 a composite number?
True
Is 11450489 composite?
False
Is 2789929 a prime number?
True
Is 1934519 a composite number?
False
Is 5089121 prime?
True
Is 199015963 a prime number?
False
Is 5902211 prime?
False
Is 32804401 composite?
True
Is 61662829 a prime number?
True
Is 70603231 a prime number?
True
Is 58514567 a composite number?
True
Is 1226447 prime?
False
Is 236680177 a composite number?
True
Is 489562 prime?
False
Is 27754841 composite?
False
Is 10270061 composite?
False
Is 3979691 a prime number?
True
Is 66273047 a prime number?
True
Is 7240031 composite?
False
Is 68619641 prime?
True
Is 241392721 prime?
True
Is 48433783 a prime number?
True
Is 35741323 a composite number?
False
Is 3012851 composite?
True
Is 116998885 a prime number?
False
Is 9042391 prime?
True
Is 1229443 prime?
True
Is 63403751 a prime number?
True
Is 77002061 a composite number?
True
Is 2165479 composite?
True
Is 13238437 prime?
True
Is 670031 composite?
False
Is 32383817 a prime number?
False
Is 59084689 prime?
False
Is 1066480447 a composite number?
False
Is 111183479 a composite number?
T